{"id":44,"date":"2014-06-27T20:03:14","date_gmt":"2014-06-27T20:03:14","guid":{"rendered":"http:\/\/www.valedasarvinda.pt\/?page_id=44"},"modified":"2017-09-15T17:30:13","modified_gmt":"2017-09-15T17:30:13","slug":"cogumelos","status":"publish","type":"page","link":"https:\/\/www.valedasarvinda.pt\/?page_id=44","title":{"rendered":"Cogumelos"},"content":{"rendered":"<p style=\"color: #555555;\">A produ\u00e7\u00e3o do cogumelo Shiitake \u2013\u00a0<em>lentinula edodes<\/em>\u00a0\u2013\u00a0faz-se com a inocula\u00e7\u00e3o de troncos de carvalho com cerca de 1m. Esses troncos, depois de inoculados e devidamente preparados para o efeito, conseguem produ\u00e7\u00f5es mensais de cerca de 150g por toro\/m\u00eas.<\/p>\n<p style=\"color: #555555;\">A possibilidade de liofiliza\u00e7\u00e3o permite um aumento muito consider\u00e1vel do prazo de validade do produto, podendo chegar a alguns anos. Essa caracter\u00edstica, aliado ao baixo peso e volume, permitem poder enviar com mais facilidade o produto embalado para mercados distantes, como a China e Jap\u00e3o. Estes mercados, embora produtores com tradi\u00e7\u00e3o, tamb\u00e9m compram em Portugal.<\/p>\n","protected":false},"excerpt":{"rendered":"<p>A produ\u00e7\u00e3o do cogumelo Shiitake \u2013\u00a0lentinula edodes\u00a0\u2013\u00a0faz-se com a inocula\u00e7\u00e3o de troncos de carvalho com cerca de 1m. Esses troncos, depois de inoculados e devidamente preparados para o efeito, conseguem produ\u00e7\u00f5es mensais de cerca de 150g por toro\/m\u00eas. A possibilidade de liofiliza\u00e7\u00e3o permite um aumento muito consider\u00e1vel do prazo de validade do produto, podendo chegar [&hellip;]<\/p>\n","protected":false},"author":2,"featured_media":0,"parent":0,"menu_order":0,"comment_status":"closed","ping_status":"closed","template":"","meta":{"footnotes":""},"class_list":["post-44","page","type-page","status-publish","hentry"],"_links":{"self":[{"href":"https:\/\/www.valedasarvinda.pt\/index.php?rest_route=\/wp\/v2\/pages\/44","targetHints":{"allow":["GET"]}}],"collection":[{"href":"https:\/\/www.valedasarvinda.pt\/index.php?rest_route=\/wp\/v2\/pages"}],"about":[{"href":"https:\/\/www.valedasarvinda.pt\/index.php?rest_route=\/wp\/v2\/types\/page"}],"author":[{"embeddable":true,"href":"https:\/\/www.valedasarvinda.pt\/index.php?rest_route=\/wp\/v2\/users\/2"}],"replies":[{"embeddable":true,"href":"https:\/\/www.valedasarvinda.pt\/index.php?rest_route=%2Fwp%2Fv2%2Fcomments&post=44"}],"version-history":[{"count":3,"href":"https:\/\/www.valedasarvinda.pt\/index.php?rest_route=\/wp\/v2\/pages\/44\/revisions"}],"predecessor-version":[{"id":3841,"href":"https:\/\/www.valedasarvinda.pt\/index.php?rest_route=\/wp\/v2\/pages\/44\/revisions\/3841"}],"wp:attachment":[{"href":"https:\/\/www.valedasarvinda.pt\/index.php?rest_route=%2Fwp%2Fv2%2Fmedia&parent=44"}],"curies":[{"name":"wp","href":"https:\/\/api.w.org\/{rel}","templated":true}]}}