{"id":3821,"date":"2017-09-15T12:06:21","date_gmt":"2017-09-15T12:06:21","guid":{"rendered":"http:\/\/www.valedasarvinda.pt\/?page_id=3821"},"modified":"2017-09-15T12:17:40","modified_gmt":"2017-09-15T12:17:40","slug":"aromaticas","status":"publish","type":"page","link":"https:\/\/www.valedasarvinda.pt\/?page_id=3821","title":{"rendered":"Arom\u00e1ticas"},"content":{"rendered":"<ul>\n<li>Erva Pr\u00edncipe<\/li>\n<li>Hortel\u00e3<\/li>\n<li>L\u00facia-Lima<\/li>\n<li>Tomilho<\/li>\n<li>Poejo<\/li>\n<\/ul>\n","protected":false},"excerpt":{"rendered":"<p>Erva Pr\u00edncipe Hortel\u00e3 L\u00facia-Lima Tomilho Poejo<\/p>\n","protected":false},"author":1,"featured_media":0,"parent":0,"menu_order":0,"comment_status":"closed","ping_status":"closed","template":"","meta":{"footnotes":""},"class_list":["post-3821","page","type-page","status-publish","hentry"],"_links":{"self":[{"href":"https:\/\/www.valedasarvinda.pt\/index.php?rest_route=\/wp\/v2\/pages\/3821","targetHints":{"allow":["GET"]}}],"collection":[{"href":"https:\/\/www.valedasarvinda.pt\/index.php?rest_route=\/wp\/v2\/pages"}],"about":[{"href":"https:\/\/www.valedasarvinda.pt\/index.php?rest_route=\/wp\/v2\/types\/page"}],"author":[{"embeddable":true,"href":"https:\/\/www.valedasarvinda.pt\/index.php?rest_route=\/wp\/v2\/users\/1"}],"replies":[{"embeddable":true,"href":"https:\/\/www.valedasarvinda.pt\/index.php?rest_route=%2Fwp%2Fv2%2Fcomments&post=3821"}],"version-history":[{"count":4,"href":"https:\/\/www.valedasarvinda.pt\/index.php?rest_route=\/wp\/v2\/pages\/3821\/revisions"}],"predecessor-version":[{"id":3826,"href":"https:\/\/www.valedasarvinda.pt\/index.php?rest_route=\/wp\/v2\/pages\/3821\/revisions\/3826"}],"wp:attachment":[{"href":"https:\/\/www.valedasarvinda.pt\/index.php?rest_route=%2Fwp%2Fv2%2Fmedia&parent=3821"}],"curies":[{"name":"wp","href":"https:\/\/api.w.org\/{rel}","templated":true}]}}