{"id":25,"date":"2014-06-27T20:03:58","date_gmt":"2014-06-27T20:03:58","guid":{"rendered":"http:\/\/www.valedasarvinda.pt\/?page_id=25"},"modified":"2023-08-13T16:57:26","modified_gmt":"2023-08-13T16:57:26","slug":"espaco-envolvente","status":"publish","type":"page","link":"https:\/\/www.valedasarvinda.pt\/?page_id=25","title":{"rendered":"Espa\u00e7o Envolvente"},"content":{"rendered":"<p style=\"color: #555555;\">Situa-se no concelho de Vila Velha de Rod\u00e3o, distrito de Castelo Branco e em pleno Parque Natural do Tejo Internacional.<\/p>\n<p style=\"color: #555555;\">A propriedade confina com o rio P\u00f4nsul e compreende 130ha, a maioria dos quais, cerca de 90ha, em regime de protec\u00e7\u00e3o.<\/p>\n<p style=\"color: #555555;\">Existem v\u00e1rias ru\u00ednas, que se pensa terem sido de apoio \u00e0s popula\u00e7\u00f5es que ali habitavam, para explora\u00e7\u00e3o agr\u00edcola e aur\u00edfera, e ainda de estanho.<\/p>\n<p style=\"color: #555555;\">Actualmente existem no terreno veados, javalis, muitas esp\u00e9cies de aves (algumas raras como o abelharuco) e j\u00e1 foram avistadas lontras no rio.<\/p>\n<p style=\"color: #555555;\">A zona de explora\u00e7\u00e3o agr\u00edcola ronda os 40ha.<\/p>\n","protected":false},"excerpt":{"rendered":"<p>Situa-se no concelho de Vila Velha de Rod\u00e3o, distrito de Castelo Branco e em pleno Parque Natural do Tejo Internacional. A propriedade confina com o rio P\u00f4nsul e compreende 130ha, a maioria dos quais, cerca de 90ha, em regime de protec\u00e7\u00e3o. Existem v\u00e1rias ru\u00ednas, que se pensa terem sido de apoio \u00e0s popula\u00e7\u00f5es que ali [&hellip;]<\/p>\n","protected":false},"author":2,"featured_media":0,"parent":0,"menu_order":0,"comment_status":"closed","ping_status":"closed","template":"","meta":{"footnotes":""},"class_list":["post-25","page","type-page","status-publish","hentry"],"_links":{"self":[{"href":"https:\/\/www.valedasarvinda.pt\/index.php?rest_route=\/wp\/v2\/pages\/25","targetHints":{"allow":["GET"]}}],"collection":[{"href":"https:\/\/www.valedasarvinda.pt\/index.php?rest_route=\/wp\/v2\/pages"}],"about":[{"href":"https:\/\/www.valedasarvinda.pt\/index.php?rest_route=\/wp\/v2\/types\/page"}],"author":[{"embeddable":true,"href":"https:\/\/www.valedasarvinda.pt\/index.php?rest_route=\/wp\/v2\/users\/2"}],"replies":[{"embeddable":true,"href":"https:\/\/www.valedasarvinda.pt\/index.php?rest_route=%2Fwp%2Fv2%2Fcomments&post=25"}],"version-history":[{"count":2,"href":"https:\/\/www.valedasarvinda.pt\/index.php?rest_route=\/wp\/v2\/pages\/25\/revisions"}],"predecessor-version":[{"id":3857,"href":"https:\/\/www.valedasarvinda.pt\/index.php?rest_route=\/wp\/v2\/pages\/25\/revisions\/3857"}],"wp:attachment":[{"href":"https:\/\/www.valedasarvinda.pt\/index.php?rest_route=%2Fwp%2Fv2%2Fmedia&parent=25"}],"curies":[{"name":"wp","href":"https:\/\/api.w.org\/{rel}","templated":true}]}}

Espaço Envolvente

<p style="color: #555555;">Situa-se no concelho de Vila Velha de Rodão, distrito de Castelo Branco e em pleno Parque Natural do Tejo Internacional.</p>
<p style="color: #555555;">A propriedade confina com o rio Pônsul e compreende 130ha, a maioria dos quais, cerca de 90ha, em regime de protecção.</p>
<p style="color: #555555;">Existem várias ruínas, que se pensa terem sido de apoio às populações que ali habitavam, para exploração agrícola e aurífera, e ainda de estanho.</p>
<p style="color: #555555;">Actualmente existem no terreno veados, javalis, muitas espécies de aves (algumas raras como o abelharuco) e já foram avistadas lontras no rio.</p>
<p style="color: #555555;">A zona de exploração agrícola ronda os 40ha.</p>

<p>Situa-se no concelho de Vila Velha de Rodão, distrito de Castelo Branco e em pleno Parque Natural do Tejo Internacional. A propriedade confina com o rio Pônsul e compreende 130ha, a maioria dos quais, cerca de 90ha, em regime de protecção. Existem várias ruínas, que se pensa terem sido de apoio às populações que ali [&hellip;]</p>
