{"id":17,"date":"2014-06-27T20:08:08","date_gmt":"2014-06-27T20:08:08","guid":{"rendered":"http:\/\/www.valedasarvinda.pt\/?page_id=17"},"modified":"2017-10-23T16:50:42","modified_gmt":"2017-10-23T16:50:42","slug":"vale-da-sarvinda-o-projecto","status":"publish","type":"page","link":"https:\/\/www.valedasarvinda.pt\/?page_id=17","title":{"rendered":"Projecto Vale da Sarvinda"},"content":{"rendered":"<section class=\"wpb-content-wrapper\"><p>[vc_row css=&#8221;.vc_custom_1505427970683{padding-top: 40px !important;padding-bottom: 40px !important;}&#8221;][vc_column][vc_column_text]<\/p>\n<p style=\"color: #555555; text-align: justify;\">O Projecto Vale da Sarvinda pretende criar riqueza e bem-estar atrav\u00e9s de sistemas de produ\u00e7\u00e3o agr\u00edcola em modo biol\u00f3gico,\u00a0respeitando os princ\u00edpios da permacultura \u2013 gerindo de forma sustent\u00e1vel os recursos empregues, incluindo energia e \u00e1gua \u2013 nas diversas actividades a que nos propomos: agricultura, turismo rural, actividades de ar livre e forma\u00e7\u00e3o, entre outras.<\/p>\n<p style=\"color: #555555; text-align: justify;\">O modelo de neg\u00f3cio que se ir\u00e1 construir ter\u00e1 em conta o ambiente social envolvente tentando estimul\u00e1-lo, integrando-o no pr\u00f3prio projecto, seja atrav\u00e9s da cria\u00e7\u00e3o de emprego, cria\u00e7\u00e3o de novas val\u00eancias e servi\u00e7os na regi\u00e3o ou da educa\u00e7\u00e3o ambiental. Queremos sensibilizar o meio envolvente para a descoberta de pr\u00e1ticas sustent\u00e1veis a todos os n\u00edveis de actividade.<\/p>\n<p style=\"color: #555555; text-align: justify;\">Queremos fechar ciclos \u2013 conseguir autonomia financeira, autonomia alimentar, gerar mais energia do que a consumida, tratar res\u00edduos produzidos \u2013 mostrando que a sustentabilidade n\u00e3o \u00e9 a realidade necess\u00e1ria e poss\u00edvel.<\/p>\n<p>[\/vc_column_text][\/vc_column][\/vc_row][vc_row full_width=&#8221;stretch_row&#8221; parallax=&#8221;content-moving&#8221; css=&#8221;.vc_custom_1505427590154{padding-top: 60px !important;padding-bottom: 60px !important;background-image: url(http:\/\/www.valedasarvinda.pt\/wp-content\/uploads\/2016\/05\/bg-counter2.jpg?id=1745) !important;background-position: center;background-repeat: no-repeat !important;background-size: cover !important;}&#8221;][vc_column width=&#8221;1\/3&#8243; css=&#8221;.vc_custom_1505427749036{border-right-width: 2px !important;border-right-color: rgba(245,245,245,0.79) !important;border-right-style: solid !important;}&#8221; offset=&#8221;vc_col-lg-3 vc_col-md-3&#8243;][cms_counter_single digit=&#8221;180&#8243; c_title=&#8221;Hectares&#8221; cms_template=&#8221;cms_counter_single&#8211;layout2.php&#8221;][\/vc_column][vc_column width=&#8221;1\/3&#8243; css=&#8221;.vc_custom_1505427682292{border-right-width: 2px !important;border-right-color: rgba(245,245,245,0.79) !important;border-right-style: solid !important;}&#8221; offset=&#8221;vc_col-lg-3 vc_col-md-3&#8243;][cms_counter_single digit=&#8221;10&#8243; c_title=&#8221;Culturas&#8221; cms_template=&#8221;cms_counter_single&#8211;layout2.php&#8221;][\/vc_column][vc_column width=&#8221;1\/3&#8243; css=&#8221;.vc_custom_1505427736877{border-right-width: 2px !important;border-right-color: rgba(245,245,245,0.79) !important;border-right-style: solid !important;}&#8221; offset=&#8221;vc_col-lg-3 vc_col-md-3&#8243;][cms_counter_single digit=&#8221;1&#8243; c_title=&#8221;Rio&#8221; cms_template=&#8221;cms_counter_single&#8211;layout2.php&#8221;][\/vc_column][vc_column width=&#8221;1\/3&#8243; offset=&#8221;vc_col-lg-3 vc_col-md-3&#8243;][cms_counter_single digit=&#8221;5&#8243; c_title=&#8221;Anos&#8221; cms_template=&#8221;cms_counter_single&#8211;layout2.php&#8221;][\/vc_column][\/vc_row]<\/p>\n<\/section>","protected":false},"excerpt":{"rendered":"<p>[vc_row css=&#8221;.vc_custom_1505427970683{padding-top: 40px !important;padding-bottom: 40px !important;}&#8221;][vc_column][vc_column_text] O Projecto Vale da Sarvinda pretende criar riqueza e bem-estar atrav\u00e9s de sistemas de produ\u00e7\u00e3o agr\u00edcola em modo biol\u00f3gico,\u00a0respeitando os princ\u00edpios da permacultura \u2013 gerindo de forma sustent\u00e1vel os recursos empregues, incluindo energia e \u00e1gua \u2013 nas diversas actividades a que nos propomos: agricultura, turismo rural, actividades de ar [&hellip;]<\/p>\n","protected":false},"author":1,"featured_media":0,"parent":0,"menu_order":0,"comment_status":"closed","ping_status":"closed","template":"","meta":{"footnotes":""},"class_list":["post-17","page","type-page","status-publish","hentry"],"_links":{"self":[{"href":"https:\/\/www.valedasarvinda.pt\/index.php?rest_route=\/wp\/v2\/pages\/17","targetHints":{"allow":["GET"]}}],"collection":[{"href":"https:\/\/www.valedasarvinda.pt\/index.php?rest_route=\/wp\/v2\/pages"}],"about":[{"href":"https:\/\/www.valedasarvinda.pt\/index.php?rest_route=\/wp\/v2\/types\/page"}],"author":[{"embeddable":true,"href":"https:\/\/www.valedasarvinda.pt\/index.php?rest_route=\/wp\/v2\/users\/1"}],"replies":[{"embeddable":true,"href":"https:\/\/www.valedasarvinda.pt\/index.php?rest_route=%2Fwp%2Fv2%2Fcomments&post=17"}],"version-history":[{"count":16,"href":"https:\/\/www.valedasarvinda.pt\/index.php?rest_route=\/wp\/v2\/pages\/17\/revisions"}],"predecessor-version":[{"id":3953,"href":"https:\/\/www.valedasarvinda.pt\/index.php?rest_route=\/wp\/v2\/pages\/17\/revisions\/3953"}],"wp:attachment":[{"href":"https:\/\/www.valedasarvinda.pt\/index.php?rest_route=%2Fwp%2Fv2%2Fmedia&parent=17"}],"curies":[{"name":"wp","href":"https:\/\/api.w.org\/{rel}","templated":true}]}}